{"id":434,"date":"2021-06-08T16:06:10","date_gmt":"2021-06-08T16:06:10","guid":{"rendered":"https:\/\/www.regenlab.de\/cellularmatrix-bei-kniearthrose\/impressum\/"},"modified":"2024-07-26T08:00:46","modified_gmt":"2024-07-26T08:00:46","slug":"impressum","status":"publish","type":"page","link":"https:\/\/www.regenlab.de\/cellularmatrix-bei-kniearthrose\/impressum\/","title":{"rendered":"Impressum"},"content":{"rendered":"<p>Regen Lab SAGesch\u00e4ftsf\u00fchrer: Antoine TurziEn Budron B21052 Le Mont-sur-LausanneSchweizEmail:\u00a0<a href=\"mailto:compliance@regenlab.com\">compliance@regenlab.com<\/a>Telefon: +41 21 864 01 11Gesellschafter:Registergericht &amp; Registernummer: LausanneUmsatzsteuer-Identifikationsnummer: CHE.110.064.203<\/p>\n<p>Verantwortlich f\u00fcr den Inhalt: Regen Lab<\/p>\n<p>Plattform der Europ\u00e4ischen Kommission zur Online-Streitbeilegung (OS) f\u00fcr Verbraucher:\u00a0<a href=\"https:\/\/ec.europa.eu\/consumers\/odr\/\" target=\"_blank\" rel=\"noopener\">https:\/\/ec.europa.eu\/consumers\/odr\/<\/a>. Wir sind nicht bereit und nicht verpflichtet an einem Streitbeilegungsverfahren vor einer Verbraucherschlichtungsstelle teilzunehmen.<\/p>\n<p>\u00a0<\/p>\n","protected":false},"excerpt":{"rendered":"<p>Regen Lab SAGesch\u00e4ftsf\u00fchrer: Antoine TurziEn Budron B21052 Le Mont-sur-LausanneSchweizEmail:\u00a0compliance@regenlab.comTelefon: +41 21 864 01 11Gesellschafter:Registergericht &amp; Registernummer: LausanneUmsatzsteuer-Identifikationsnummer: CHE.110.064.203 Verantwortlich f\u00fcr den Inhalt: Regen Lab Plattform der Europ\u00e4ischen Kommission zur Online-Streitbeilegung (OS) f\u00fcr Verbraucher:\u00a0https:\/\/ec.europa.eu\/consumers\/odr\/. Wir sind nicht bereit und nicht verpflichtet an einem Streitbeilegungsverfahren vor einer Verbraucherschlichtungsstelle teilzunehmen. \u00a0<\/p>\n","protected":false},"author":1,"featured_media":0,"parent":0,"menu_order":0,"comment_status":"closed","ping_status":"closed","template":"","meta":{"footnotes":""},"class_list":["post-434","page","type-page","status-publish","hentry","post-wrapper","thrv_wrapper"],"yoast_head":"<!-- This site is optimized with the Yoast SEO plugin v27.3 - https:\/\/yoast.com\/product\/yoast-seo-wordpress\/ -->\n<title>Impressum - Cellular Matrix bei Kniearthrose<\/title>\n<meta name=\"robots\" content=\"index, follow, max-snippet:-1, max-image-preview:large, max-video-preview:-1\" \/>\n<link rel=\"canonical\" href=\"https:\/\/www.regenlab.de\/cellularmatrix-bei-kniearthrose\/impressum\/\" \/>\n<meta property=\"og:locale\" content=\"de_DE\" \/>\n<meta property=\"og:type\" content=\"article\" \/>\n<meta property=\"og:title\" content=\"Impressum - Cellular Matrix bei Kniearthrose\" \/>\n<meta property=\"og:description\" content=\"Regen Lab SAGesch\u00e4ftsf\u00fchrer: Antoine TurziEn Budron B21052 Le Mont-sur-LausanneSchweizEmail:\u00a0compliance@regenlab.comTelefon: +41 21 864 01 11Gesellschafter:Registergericht &amp; Registernummer: LausanneUmsatzsteuer-Identifikationsnummer: CHE.110.064.203 Verantwortlich f\u00fcr den Inhalt: Regen Lab Plattform der Europ\u00e4ischen Kommission zur Online-Streitbeilegung (OS) f\u00fcr Verbraucher:\u00a0https:\/\/ec.europa.eu\/consumers\/odr\/. Wir sind nicht bereit und nicht verpflichtet an einem Streitbeilegungsverfahren vor einer Verbraucherschlichtungsstelle teilzunehmen. \u00a0\" \/>\n<meta property=\"og:url\" content=\"https:\/\/www.regenlab.de\/cellularmatrix-bei-kniearthrose\/impressum\/\" \/>\n<meta property=\"og:site_name\" content=\"Cellular Matrix bei Kniearthrose\" \/>\n<meta property=\"article:modified_time\" content=\"2024-07-26T08:00:46+00:00\" \/>\n<meta name=\"twitter:card\" content=\"summary_large_image\" \/>\n<meta name=\"twitter:label1\" content=\"Gesch\u00e4tzte Lesezeit\" \/>\n\t<meta name=\"twitter:data1\" content=\"5\u00a0Minuten\" \/>\n<script type=\"application\/ld+json\" class=\"yoast-schema-graph\">{\"@context\":\"https:\\\/\\\/schema.org\",\"@graph\":[{\"@type\":\"WebPage\",\"@id\":\"https:\\\/\\\/www.regenlab.de\\\/cellularmatrix-bei-kniearthrose\\\/impressum\\\/\",\"url\":\"https:\\\/\\\/www.regenlab.de\\\/cellularmatrix-bei-kniearthrose\\\/impressum\\\/\",\"name\":\"Impressum - Cellular Matrix bei Kniearthrose\",\"isPartOf\":{\"@id\":\"https:\\\/\\\/www.regenlab.de\\\/cellularmatrix-bei-kniearthrose\\\/#website\"},\"datePublished\":\"2021-06-08T16:06:10+00:00\",\"dateModified\":\"2024-07-26T08:00:46+00:00\",\"breadcrumb\":{\"@id\":\"https:\\\/\\\/www.regenlab.de\\\/cellularmatrix-bei-kniearthrose\\\/impressum\\\/#breadcrumb\"},\"inLanguage\":\"de\",\"potentialAction\":[{\"@type\":\"ReadAction\",\"target\":[\"https:\\\/\\\/www.regenlab.de\\\/cellularmatrix-bei-kniearthrose\\\/impressum\\\/\"]}]},{\"@type\":\"BreadcrumbList\",\"@id\":\"https:\\\/\\\/www.regenlab.de\\\/cellularmatrix-bei-kniearthrose\\\/impressum\\\/#breadcrumb\",\"itemListElement\":[{\"@type\":\"ListItem\",\"position\":1,\"name\":\"Home\",\"item\":\"https:\\\/\\\/www.regenlab.de\\\/cellularmatrix-bei-kniearthrose\\\/\"},{\"@type\":\"ListItem\",\"position\":2,\"name\":\"Impressum\"}]},{\"@type\":\"WebSite\",\"@id\":\"https:\\\/\\\/www.regenlab.de\\\/cellularmatrix-bei-kniearthrose\\\/#website\",\"url\":\"https:\\\/\\\/www.regenlab.de\\\/cellularmatrix-bei-kniearthrose\\\/\",\"name\":\"Cellular Matrix bei Kniearthrose\",\"description\":\"Durchbrechen Sie den Teufelskreis der Kniearthrose\",\"potentialAction\":[{\"@type\":\"SearchAction\",\"target\":{\"@type\":\"EntryPoint\",\"urlTemplate\":\"https:\\\/\\\/www.regenlab.de\\\/cellularmatrix-bei-kniearthrose\\\/?s={search_term_string}\"},\"query-input\":{\"@type\":\"PropertyValueSpecification\",\"valueRequired\":true,\"valueName\":\"search_term_string\"}}],\"inLanguage\":\"de\"}]}<\/script>\n<!-- \/ Yoast SEO plugin. -->","yoast_head_json":{"title":"Impressum - Cellular Matrix bei Kniearthrose","robots":{"index":"index","follow":"follow","max-snippet":"max-snippet:-1","max-image-preview":"max-image-preview:large","max-video-preview":"max-video-preview:-1"},"canonical":"https:\/\/www.regenlab.de\/cellularmatrix-bei-kniearthrose\/impressum\/","og_locale":"de_DE","og_type":"article","og_title":"Impressum - Cellular Matrix bei Kniearthrose","og_description":"Regen Lab SAGesch\u00e4ftsf\u00fchrer: Antoine TurziEn Budron B21052 Le Mont-sur-LausanneSchweizEmail:\u00a0compliance@regenlab.comTelefon: +41 21 864 01 11Gesellschafter:Registergericht &amp; Registernummer: LausanneUmsatzsteuer-Identifikationsnummer: CHE.110.064.203 Verantwortlich f\u00fcr den Inhalt: Regen Lab Plattform der Europ\u00e4ischen Kommission zur Online-Streitbeilegung (OS) f\u00fcr Verbraucher:\u00a0https:\/\/ec.europa.eu\/consumers\/odr\/. Wir sind nicht bereit und nicht verpflichtet an einem Streitbeilegungsverfahren vor einer Verbraucherschlichtungsstelle teilzunehmen. \u00a0","og_url":"https:\/\/www.regenlab.de\/cellularmatrix-bei-kniearthrose\/impressum\/","og_site_name":"Cellular Matrix bei Kniearthrose","article_modified_time":"2024-07-26T08:00:46+00:00","twitter_card":"summary_large_image","twitter_misc":{"Gesch\u00e4tzte Lesezeit":"5\u00a0Minuten"},"schema":{"@context":"https:\/\/schema.org","@graph":[{"@type":"WebPage","@id":"https:\/\/www.regenlab.de\/cellularmatrix-bei-kniearthrose\/impressum\/","url":"https:\/\/www.regenlab.de\/cellularmatrix-bei-kniearthrose\/impressum\/","name":"Impressum - Cellular Matrix bei Kniearthrose","isPartOf":{"@id":"https:\/\/www.regenlab.de\/cellularmatrix-bei-kniearthrose\/#website"},"datePublished":"2021-06-08T16:06:10+00:00","dateModified":"2024-07-26T08:00:46+00:00","breadcrumb":{"@id":"https:\/\/www.regenlab.de\/cellularmatrix-bei-kniearthrose\/impressum\/#breadcrumb"},"inLanguage":"de","potentialAction":[{"@type":"ReadAction","target":["https:\/\/www.regenlab.de\/cellularmatrix-bei-kniearthrose\/impressum\/"]}]},{"@type":"BreadcrumbList","@id":"https:\/\/www.regenlab.de\/cellularmatrix-bei-kniearthrose\/impressum\/#breadcrumb","itemListElement":[{"@type":"ListItem","position":1,"name":"Home","item":"https:\/\/www.regenlab.de\/cellularmatrix-bei-kniearthrose\/"},{"@type":"ListItem","position":2,"name":"Impressum"}]},{"@type":"WebSite","@id":"https:\/\/www.regenlab.de\/cellularmatrix-bei-kniearthrose\/#website","url":"https:\/\/www.regenlab.de\/cellularmatrix-bei-kniearthrose\/","name":"Cellular Matrix bei Kniearthrose","description":"Durchbrechen Sie den Teufelskreis der Kniearthrose","potentialAction":[{"@type":"SearchAction","target":{"@type":"EntryPoint","urlTemplate":"https:\/\/www.regenlab.de\/cellularmatrix-bei-kniearthrose\/?s={search_term_string}"},"query-input":{"@type":"PropertyValueSpecification","valueRequired":true,"valueName":"search_term_string"}}],"inLanguage":"de"}]}},"_links":{"self":[{"href":"https:\/\/www.regenlab.de\/cellularmatrix-bei-kniearthrose\/wp-json\/wp\/v2\/pages\/434","targetHints":{"allow":["GET"]}}],"collection":[{"href":"https:\/\/www.regenlab.de\/cellularmatrix-bei-kniearthrose\/wp-json\/wp\/v2\/pages"}],"about":[{"href":"https:\/\/www.regenlab.de\/cellularmatrix-bei-kniearthrose\/wp-json\/wp\/v2\/types\/page"}],"author":[{"embeddable":true,"href":"https:\/\/www.regenlab.de\/cellularmatrix-bei-kniearthrose\/wp-json\/wp\/v2\/users\/1"}],"replies":[{"embeddable":true,"href":"https:\/\/www.regenlab.de\/cellularmatrix-bei-kniearthrose\/wp-json\/wp\/v2\/comments?post=434"}],"version-history":[{"count":4,"href":"https:\/\/www.regenlab.de\/cellularmatrix-bei-kniearthrose\/wp-json\/wp\/v2\/pages\/434\/revisions"}],"predecessor-version":[{"id":643,"href":"https:\/\/www.regenlab.de\/cellularmatrix-bei-kniearthrose\/wp-json\/wp\/v2\/pages\/434\/revisions\/643"}],"wp:attachment":[{"href":"https:\/\/www.regenlab.de\/cellularmatrix-bei-kniearthrose\/wp-json\/wp\/v2\/media?parent=434"}],"curies":[{"name":"wp","href":"https:\/\/api.w.org\/{rel}","templated":true}]}}